et w(b) = 7*b + 4*b - b - 9*b - b**2 + 69. Suppose -5*m - 3*l - 4 - 5 = 0, -6 = -2*m + 2*l. What is the units digit of w(m)?
9
Suppose 1876 = -15*k + 71221. What is the thousands digit of k?
4
Let s be (-336)/(-32) - 2/(-4). Let v = s + -7. Suppose 0 = -3*c + 3, 4*o - 7 = -3*c + v*c. What is the units digit of o?
2
Let k = -7 + 12. Suppose -2*m + 16 = -m - k*i, 5*m + 5*i + 10 = 0. What is the units digit of -3 + m - -5 - (2 + -42)?
3
Suppose 0 = i + h - 4, -5*i - 3*h + 31 = 15. What is the units digit of -58*((-9)/i - -5)*-34?
6
Let g = 1992 - 1129. What is the units digit of g?
3
Suppose 1920 + 2758 = 2*n. What is the thousands digit of n?
2
Let g = 101 - 96. What is the hundreds digit of 608 - (6 + -7)*g?
6
Let w(p) be the third derivative of p**6/120 + 3*p**5/20 - 3*p**4/4 + 5*p**3/2 - p**2. Let t be -15*(5/4 + 154/(-264)). What is the tens digit of w(t)?
9
Let v(t) = 178*t + 2421. What is the thousands digit of v(23)?
6
Let m be 79/7 + (-26)/91. Suppose 0 = -6*j + m*j - 930. Suppose 10*v + j = 2036. What is the hundreds digit of v?
1
Let d be 757 + (-4 - -6) + 0 + -4. Suppose -7*h + d = -1541. What is the tens digit of h?
2
Let c(m) = -484*m + 101. What is the tens digit of c(-3)?
5
Let x(o) = 1756*o + 1373. What is the thousands digit of x(4)?
8
Let c = -799 + 1479. Suppose c = u + 3*u. Let p = u - 74. What is the units digit of p?
6
Let f = -14512 - -24306. What is the thousands digit of f?
9
Let n = -717 + 6389. What is the units digit of n?
2
Suppose -170*b - 98039 + 435319 = 0. What is the thousands digit of b?
1
Suppose 0*m - 103190 = -4*v + 5*m, -2*v = m - 51588. What is the thousands digit of v?
5
Let p(q) be the second derivative of -q**3/6 - 7*q**2 + 19*q. Let x be p(-6). Let s = 68 + x. What is the tens digit of s?
6
Suppose 3*m = -2*n - 2*m + 105, 5*m - 65 = -n. Let q be (-2)/n*-4 - 488/(-10). Let p = 94 - q. What is the units digit of p?
5
What is the units digit of 128383/4 - 2288/832?
3
Suppose 5*r + 7*y - 79 = 11*y, 0 = r - 2*y - 17. Suppose 0 = r*c - 20*c + 1435. What is the tens digit of c?
8
Let b be (-3 - -1 - (-20)/(-5))*10. Let o = 431 + b. What is the hundreds digit of o?
3
Suppose 1242 + 3126 = -7*w. Let i = -242 - w. What is the hundreds digit of i?
3
Suppose -o = 1 + 2. Let q be (-6 + 3 - o)/2. Suppose q = 5*x - 24 - 106. What is the tens digit of x?
2
What is the thousands digit of (30 - -164)*4/((-8)/(-29))?
2
Suppose -3*z = 48 - 2388. Suppose -5*r - 20*g + 23*g = -z, 5*r = 5*g + 780. What is the hundreds digit of r?
1
Suppose -5*m - 20 = 0, -5*j + 260396 = -0*m + m. Suppose 11*c = 4*c - j. What is the hundreds digit of (3/(-5) - -1)/((-24)/c)?
1
Suppose -2*q - 5*l + 87030 = -24965, 224095 = 4*q - 5*l. What is the ten thousands digit of q?
5
Let b be 4/(-6) - (4 - (-4740)/(-9)). Suppose 3*m - 7*m - 524 = -5*r, -5*r + b = -2*m. Suppose c + c = r. What is the tens digit of c?
5
Suppose -3*u = 9, o + u = -4*u - 6. Suppose 3*z - 6 - o = 0. What is the tens digit of (2 + -1)/((-1238)/248 + z)?
2
Let t be ((-8)/4)/((-2)/4) - -19. Suppose t*y + 342 = 29*y. Let p = 121 + y. What is the hundreds digit of p?
1
Suppose -4*o + o = -2*n - 987, -o + 2*n + 325 = 0. Let c = -171 + o. Let p = c + -95. What is the units digit of p?
5
Let r(k) = k**3 + 6*k**2 + 6*k + 6. Let a be r(-5). What is the tens digit of (1311/a)/(12/8)?
7
Let f(b) = 45 + b**3 - 7*b + 8*b**2 - 91 + 34 + 2*b**2. Suppose 30 = -2*m + 4*n, -2*m + 3*n = -0*n + 27. What is the units digit of f(m)?
2
Let g be -5*(-3 + 11/5). Suppose a + g*a - 640 = 0. Suppose a = 2*z + 3*q, -5*z = 2*q - 470 + 139. What is the units digit of z?
7
Let c = 737 - 732. Suppose c*l = -2*v + 2813, v - 5*l - 1414 = -0*v. What is the hundreds digit of v?
4
Suppose 2*f + 2*i = -20, -6*f - 32 = -3*f + i. Let b = f + 184. Suppose -l + 5*u - 23 = -b, -2*l + 2*u + 300 = 0. What is the tens digit of l?
5
Suppose -25 = -5*g, g - 141 = z - 0*z. Let b = z + 312. What is the tens digit of b?
7
What is the tens digit of (35/(-14))/(20/(-116936))?
1
Suppose 97*v - 88*v = 63. What is the units digit of 3/(-4) + ((-3666)/(-24) - v)?
5
Let s = -16464 - -33930. What is the hundreds digit of s?
4
What is the tens digit of (6 + -4)*(-12 - -17)?
1
Let p(w) = -w. Let c(d) = -d**2 + 23*d + 51. Let s(a) = -c(a) + 2*p(a). Let i be s(27). Let m(f) = 14*f**2 - 2*f + 12. What is the units digit of m(i)?
2
Suppose -19*o + 17*o = 1744. Let h = o - -1723. What is the tens digit of h?
5
Let p = 604 - 342. Suppose -a - h + p = 0, a - 4*a - 5*h = -782. What is the tens digit of a?
6
Suppose 402871 = 55*i - 193219. What is the ten thousands digit of i?
1
Let f(q) = -48*q**2 + 24*q - 5. Let p(m) = -240*m**2 + 121*m - 25. Let k(t) = -11*f(t) + 2*p(t). What is the units digit of k(4)?
5
Suppose 20*m = -m + 42. Suppose -1303 = -j + m*q, j - 6*j - 3*q = -6554. What is the hundreds digit of j?
3
Let b(m) = 9896*m**2 - 57*m - 58. What is the tens digit of b(-1)?
9
Suppose 59*n = 829066 + 1925526. What is the hundreds digit of n?
6
Let s be (504/(-60))/(12/(-760)). Suppose -s = 9*r - 2791. What is the tens digit of r?
5
Let s = -50 + 44. Let q be (s/(-4))/(4/224*-6). What is the tens digit of (-60 - 1 - 1)*(12 + q)?
2
Let s = -805 - -237. Let m = -91 - s. What is the units digit of m?
7
Suppose 6*s = 5*s - 9*t + 31162, -s - 2*t = -31183. What is the ten thousands digit of s?
3
Let s = 30 + -30. Suppose s = -8*h + h + 973. What is the tens digit of h?
3
Suppose 0 = -490*w + 43*w - 425*w + 55237712. What is the ten thousands digit of w?
6
Let m = -11137 + 18131. What is the tens digit of m?
9
Suppose -17*v + 26*v = 44*v - 1654030. What is the thousands digit of v?
7
Let c(w) = 3*w**2 - 4*w - 14. Let h be c(-5). Let i = h + -79. Suppose 63 = i*j - 313. What is the units digit of j?
8
Let c = 16256 + -2819. What is the thousands digit of c?
3
Suppose 69*i - 1587285 = 6*i. What is the ten thousands digit of i?
2
Let i be (32/14 - 4)/((-1)/35). Suppose -3*l + i + 30 = 0. Suppose -6*g - l = -8*g. What is the tens digit of g?
1
Let k = 138 - 141. Let l = 40 + -15. Let y = l - k. What is the tens digit of y?
2
Let v be 10 + (-2329)/68 - (-2)/8. Let l(n) = 3*n**2 - 2*n - 1. Let j be l(4). Let q = v + j. What is the units digit of q?
5
Let z(c) be the first derivative of -c**4/4 + c**3/3 + 2*c**2 - 4*c + 18. Let k be z(5). Let s = 1 - k. What is the units digit of s?
5
Let w(t) = 2*t - 4. Let i be w(3). Suppose 2*d + i*d - 146 = 5*b, 58 = 2*d + 5*b. Let r = 47 + d. What is the tens digit of r?
8
Let o be (2/(-6))/((-3)/36). What is the hundreds digit of ((-26528)/(-20))/o - (-20)/50?
3
What is the ten thousands digit of (-162)/18*((-8)/2 + (-21441)/9)?
2
Let m be 56/(-6) - (-18)/(-81)*-6. What is the hundreds digit of 1357/2 + (4/m)/1?
6
Let o(j) = 446*j + 2161. What is the tens digit of o(12)?
1
Let k be 18*((-1)/(-2) - 30/15). What is the tens digit of 95*3 - (k + 27)?
8
Suppose 10476 = 18*m - 12*m. Suppose 0 = a - 1, 2*o - 4*o = -2*a - m. What is the hundreds digit of o?
8
Let f be 1*(-6)/33 - (-134435)/385. Let d = 53 + f. What is the units digit of d?
2
What is the units digit of (483/147)/(3/5523)?
9
Let p = -765 - -534. Let k be (1 + 0)*(-138 - 0). Let r = k - p. What is the units digit of r?
3
Suppose -4*j + 4 = 0, -4*j + 0 = v - 6. Suppose 0 = 5*h + 4*i - 12, -15 = v*h - 4*i - 3. Suppose h = -w - w + 270. What is the tens digit of w?
3
Let c = -210 - -478. Let f be (-1 - -4)*(161 + -192). Let x = c + f. What is the units digit of x?
5
Suppose 3*t - 2*t - 121 = 4*m, 2*m = -t + 91. Let k be 1*-17*(16 + -11). Let d = k + t. What is the units digit of d?
6
Let a(o) = 96*o + 2. Let g be a(4). Let c be (30/42 - 1) + (-9440)/35. Let l = g + c. What is the tens digit of l?
1
Let g = -269 - -268. What is the hundreds digit of ((-1)/g)/(3/531)?
1
Let f(m) = 12*m**2 - 114*m + 60*m + 3 + 69*m + m**3. What is the tens digit of f(-10)?
5
Suppose 0 = 4*q + 3*h - 267, -2*h = -0*q + 4*q - 266. Suppose 0 = -4*m + 3*i - 6*i + q, -4*i = -8. Suppose -16*j + m*j = -45. What is the units digit of j?
5
Let x be -1*1 - 0*2/16. Let c be (2/(-4))/(x/12). What is the units digit of 9/6*40/c?
0
Let b = -44 + 48. Let x(m) = -m**3 + 2 - m**2 - 8*m**2 - b*m - 3. What is the units digit of x(-9)?
5
Suppose 0*v - 6*v = 1650. Let u = -90 - v. What is the units 